tors of r?
2, 5, 13
Suppose -14*h + 2288285 = 53*h + 18*h. What are the prime factors of h?
26921
Let l be 6*(-2 + (4 - 2 - 1)). Suppose 2*j - 3*f = 2*f - 12, -3*f + 24 = -4*j. What are the prime factors of 24/27*l*j?
2
Suppose -g + 4*z = -533, -4*z + 493 = -10*g + 11*g. Suppose 0 = 10*q - 11*q + g. List the prime factors of q.
3, 19
Let c = 4022 - 2656. Let f = 2663 - c. List the prime factors of f.
1297
Suppose 0 = 50*a - 103246 - 143354. List the prime factors of a.
2, 3, 137
Suppose 30 = t - 90. Let w = 47 + t. What are the prime factors of w?
167
Let o(g) = -69*g + 4303. What are the prime factors of o(-56)?
8167
Suppose 280*h = 497139 + 2311541. List the prime factors of h.
7, 1433
Suppose -n = -3089 - 7914. List the prime factors of n.
11003
Let b(t) = 5*t**2 + 33*t - 6. Let v be b(14). Suppose 17*k - 2576 - v = 0. What are the prime factors of k?
2, 59
Suppose 3*o + 7*o = 20. Suppose 5*g = -o*f + 1347, 4*f = -g - 2*g + 797. List the prime factors of g.
271
Let l = -824 + 829. Suppose -l*m - a = -3816, -5*m + 14*a - 11*a = -3832. What are the prime factors of m?
2, 191
Let j = 45 - 34. Suppose -n - u + 26 = 3*u, -n - u + j = 0. Suppose -2*v = -90 - n. What are the prime factors of v?
2, 3
Let m be (-3 + -3)*2/(-3). Suppose 0 = -4*f - 16, -2*f = m*s - 6*f - 64. Suppose 8*l + 156 = s*l. List the prime factors of l.
3, 13
Let n = -958 + 963. Suppose 5*f - 1372 = -3*s, 4*s - n*f + 95 = 1901. List the prime factors of s.
2, 227
Suppose -5*s = 4*y - 9, -3*s - 1 + 10 = 3*y. Suppose -y*g + 3*g + 456 = 0. Let t = g + -71. What are the prime factors of t?
3
Let g = -122 - -203. Let r = g - 59. List the prime factors of r.
2, 11
Suppose 3*b - 586 = -3*x + 8*b, 5*x + 2*b = 925. Let l = x + -165. What are the prime factors of l?
2, 11
Let u = 102 + -97. Let g be (-1 - -2)/(u/2820). Suppose 8*y = 5*y + g. What are the prime factors of y?
2, 47
Suppose -2*t - u + 56579 = 0, -2*u = -50*t + 48*t + 56600. What are the prime factors of t?
3, 9431
Suppose 44*q - 20080 = 34*q. What are the prime factors of q?
2, 251
Suppose -5*h - 14 = 21. Let m(x) = -x**2 - 4*x + 24. Let l be m(h). Suppose 4*j - 470 = 2*t, 0 = -j + l*t + 43 + 82. List the prime factors of j.
2, 29
Let z be (3/(-3) - -1)*-1. Let q be ((-6)/10)/(12/(-5240)). Suppose 5*m - 385 = -z*m + 2*g, -q = -3*m - 5*g. List the prime factors of m.
79
Suppose s - 198*b + 203*b - 82017 = 0, 82041 = s - 3*b. List the prime factors of s.
2, 3, 1709
Let k(b) = 4*b**3 - 7*b**2 - 11*b + 13. Let s be k(7). Let z = -262 + s. What are the prime factors of z?
19, 37
Suppose 23*q - 20053 = 58198 + 138846. What are the prime factors of q?
9439
Let j = 21 - 21. Suppose -2*n + 2*g - 14 = j, -g + 12 = -2*n + 3*g. Let s = 64 - n. What are the prime factors of s?
2, 3
Let b be (1 - 3)*(7 + (326 - -4)). Let p = b - -1212. List the prime factors of p.
2, 269
Suppose -30545 = 17*m - 257438 - 171213. List the prime factors of m.
2, 3, 1301
Suppose -2*w = 2*g + 4, -2 = -5*g - w + 2*w. Suppose g = -3*o + 3*l + 525, -2*o + 4*l + 358 = -0*o. What are the prime factors of o?
3, 19
Let b(v) = -v - 1. Let u be b(-1). Suppose 37*y - 36*y - 5 = u. Suppose 5*f - 455 = -5*g, 0*f - y*g = f - 87. What are the prime factors of f?
2, 23
Suppose 5*r + 51*j = 49*j + 3170, -r - 5*j = -657. What are the prime factors of r?
2, 79
Let b(h) = -h**3 - h**2 + h + 8. Let c be b(0). Let z = 445 - 457. List the prime factors of z/c + 206/4.
2, 5
Suppose 571 = 10*p - 9*p + 2*f, -3*f + 2304 = 4*p. Suppose -4*j + 1499 = p. What are the prime factors of j?
2, 5, 23
Let m = 146 + -104. Suppose -2*j = h - 5 - 7, -5*h - j + m = 0. Suppose -3*l + 31 = -h. List the prime factors of l.
13
Suppose w + 79 = 245. Suppose 3*i - 2*u = -7*u + 196, -3*i + w = -u. What are the prime factors of ((-76)/i)/((-1)/18)?
2, 3
Let w be 30/(-25)*((-222)/4 + -2). Let j = w - -11. What are the prime factors of j?
2, 5
Let z = 2314 - -19984. List the prime factors of z.
2, 11149
Suppose -35*d - 10286 = 19814. Let r = d + 1745. What are the prime factors of r?
3, 5, 59
Let q(k) = 936*k**2 + 126*k + 428. List the prime factors of q(-9).
2, 5, 7, 29, 37
Let s(p) = -p**2 + 8*p - 11. Let i be s(3). Suppose 0 = -5*t + i*h + 19, 0*h + 3 = -3*h. Suppose 121 = t*o - 167. What are the prime factors of o?
2, 3
Let v = 577 - -6435. What are the prime factors of v?
2, 1753
Let f(d) = -d**3 - d**2 + 2*d - 5. Let k be (4/(-16)*0)/2. Let p be f(k). List the prime factors of -5 - (1 - 13 - p).
2
Let o = 420 - 417. Suppose 4*r + 259 = 4*h - 205, o*h - r - 354 = 0. What are the prime factors of h?
7, 17
Let w(b) = b**3 - 6*b**2 + 10*b + 10. Let n be w(6). Let u = n - -192. List the prime factors of u.
2, 131
Suppose 91*j + 28588 = 95*j. List the prime factors of j.
7, 1021
Let d = 1598 - -112. List the prime factors of d.
2, 3, 5, 19
Let d be (-24 - (5 - 2)) + -3. Let k be (-116)/d + 8/60. Suppose -4*m + 167 = q, k*m + 3*q = -q + 152. List the prime factors of m.
43
Suppose 4*g = 3*n - 21924, 5*g - 42050 = -4*n - 12818. List the prime factors of ((-2)/6)/((-21)/n).
2, 29
Let m(a) = 7*a**2 + 15*a + 3. Let f(r) = 2*r**2 + 4*r - 22. Let o be f(3). Let v be 13/(-2) + 4/o. List the prime factors of m(v).
3, 5, 11
What are the prime factors of (-15897)/6*(65/(-35) - -1)?
3, 757
Let s = 4760 + -6987. Let w = -1551 - s. List the prime factors of w.
2, 13
Suppose 116*y - 139*y + 198835 = 0. List the prime factors of y.
5, 7, 13, 19
Let x(j) = 586*j**2 - 177*j - 1014. List the prime factors of x(-6).
2, 3, 881
Let k(x) = 244*x**2 + 4*x - 3. Let z(i) = -51*i + 151. Let s be z(3). What are the prime factors of k(s)?
5, 193
Let q = -5874 + 11924. What are the prime factors of q?
2, 5, 11
Suppose 26*b + 16 = 30*b. Suppose -b*u + 84 = 3*u. What are the prime factors of 1*46 + u/(0 - -3)?
2, 5
Suppose -4*r - 13 = -25. Suppose -r*m + 42 = 4*m. What are the prime factors of (-490)/(-42)*m/2?
5, 7
Let o be -3*-2*(-16)/(-12). Suppose s - 12*b - 602 = -o*b, 2 = 2*b. List the prime factors of s.
2, 3, 101
Suppose -2*z = -2*n + 1594, 5*n - 3979 = 7*z - 4*z. Suppose -n + 5510 = 6*i. List the prime factors of i.
2, 3, 131
Let a = -22816 - -40576. List the prime factors of a.
2, 3, 5, 37
Let y(o) = 65*o**2 + 150*o + 78. What are the prime factors of y(-13)?
13, 701
Let i(p) = 50 - 21*p - 69*p + 279 - 4*p - 37*p. What are the prime factors of i(-6)?
5, 223
Let z(h) = 4*h**2 - 3*h + 39. Suppose -4*m = -146 + 126. List the prime factors of z(m).
2, 31
Let i(f) = 12*f**2 + 18*f - 49. List the prime factors of i(-13).
5, 349
Suppose 2*a - 3*b - 1029 = 0, 4*a - 2*b + 932 = 2986. List the prime factors of a.
3, 19
Let u = -17 - -19. Let h = 182 - 89. Suppose -2*g + 5*j = -h, -u*g + 261 = 3*g - 3*j. List the prime factors of g.
2, 3
Let c(q) = 3*q + 15. Let k be (-8 + 10)/(2/(-4)). Let u be c(k). Suppose -9*x + 444 = u*x. List the prime factors of x.
37
Suppose -5*z = 5*w - 20, -4 = -5*w + 2*z + 23. Suppose -3*o - 5*x + 1192 = 0, -w*o = x + 4*x - 1970. List the prime factors of o.
389
What are the prime factors of (4 - (-56)/(-21))/(2/20694)?
2, 3449
Suppose 0 = -w + 2*h + 2, 0*w + 5 = 2*w - 3*h. Let i = -289 - -294. Suppose a + 77 + 543 = 5*s, -w*a + 620 = i*s. What are the prime factors of s?
2, 31
Suppose -151 + 439 = -6*y. Let p(c) = -16*c + 58. What are the prime factors of p(y)?
2, 7, 59
Let n(v) be the second derivative of -v**5/5 - 7*v**4/6 + v**3/2 + 13*v**2/2 + 9*v. Let o be n(-10). Suppose o = 13*u - 862. What are the prime factors of u?
5, 53
Suppose d + 0*m = -3*m + 57, d + 5*m = 59. Suppose 52*f + 682 = d*f. List the prime factors of f.
11, 31
Suppose -237362 + 42098 = -64*x. List the prime factors of x.
3, 113
Let o = 117 + -108. Suppose 12*q = -o*q + 3633. What are the prime factors of q?
173
Let t(m) = 6*m**2 + 180*m + 6746. What are the prime factors of t(-59)?
2, 4253
Suppose -w - 8 = -2*h, -3*w - 14 = -2*h + h. Let c be w + 468/5 + (-2)/(-5). List the prime factors of 198/7 + 4 + c/(-21).
2, 7
Let l(h) = 14*h + 6. Let f = -16 - -12. Let m be l(f). Let v = m + 83. List the prime factors of v.
3, 11
Suppose -4*s + 22118 = 2*c - 14626, -5*s + 36750 = 2*c. List the prime factors of c.
2, 3, 5, 17
Let y(l) = -4*l + 56. Let q(k) = -2*k - 26. Let h be q(-21). Let f be y(h). What are the prime factors of (572/f)/((-2